{"id":4618,"date":"2018-12-14T10:50:44","date_gmt":"2018-12-14T08:50:44","guid":{"rendered":"https:\/\/www.medewo.com\/blog\/?page_id=4618"},"modified":"2025-10-31T19:42:05","modified_gmt":"2025-10-31T18:42:05","slug":"presse-service","status":"publish","type":"page","link":"https:\/\/www.medewo.com\/blog\/de\/presse-service\/","title":{"rendered":"Presse-Service"},"content":{"rendered":"<div class=\"wpb-content-wrapper\"><p>[vc_row][vc_column][vc_column_text css=&#8220;&#8220;]<\/p>\r\n<div>\r\n<h2>Immer aktuell \u00fcber die MEDEWO GRUPPE informiert<\/h2>\r\n<p>Sie sind Redakteur und interessieren sich f\u00fcr die MEDEWO-Gruppe? F\u00fcr Ihre Fragen und W\u00fcnschen rund um das Thema Pressearbeit nehmen wir uns gerne Zeit f\u00fcr Sie. Wir freuen uns auf Ihre Anfrage per E-Mail an<span style=\"line-height: 1.2857142857;\"><a href=\"mailto:presse@medewo.com\"> presse@medewo.com<\/a><\/span><\/p>\r\n<\/div>\r\n\r\n<p>&nbsp;<\/p>\r\n<p>[\/vc_column_text][\/vc_column][\/vc_row]<\/p><\/div>","protected":false},"excerpt":{"rendered":"<p>[vc_row][vc_column][vc_column_text css=&#8220;&#8220;] Immer aktuell \u00fcber die MEDEWO GRUPPE informiert Sie sind Redakteur und interessieren sich f\u00fcr die MEDEWO-Gruppe? F\u00fcr Ihre Fragen und W\u00fcnschen rund um das Thema Pressearbeit nehmen wir uns gerne Zeit f\u00fcr Sie. Wir freuen uns auf Ihre Anfrage per E-Mail an presse@medewo.com &nbsp; [\/vc_column_text][\/vc_column][\/vc_row]<\/p>\n","protected":false},"author":1,"featured_media":0,"parent":0,"menu_order":0,"comment_status":"closed","ping_status":"closed","template":"","meta":{"pgc_sgb_lightbox_settings":"","footnotes":""},"class_list":["post-4618","page","type-page","status-publish","hentry","description-off"],"yoast_head":"<!-- This site is optimized with the Yoast SEO plugin v27.1.1 - https:\/\/yoast.com\/product\/yoast-seo-wordpress\/ -->\n<title>Presse-Service - MEDEWO Verpackungen<\/title>\n<meta name=\"robots\" content=\"index, follow, max-snippet:-1, max-image-preview:large, max-video-preview:-1\" \/>\n<link rel=\"canonical\" href=\"https:\/\/www.medewo.com\/blog\/de\/presse-service\/\" \/>\n<meta property=\"og:locale\" content=\"de_DE\" \/>\n<meta property=\"og:type\" content=\"article\" \/>\n<meta property=\"og:title\" content=\"Presse-Service - MEDEWO Verpackungen\" \/>\n<meta property=\"og:description\" content=\"[vc_row][vc_column][vc_column_text css=&#8220;&#8220;] Immer aktuell \u00fcber die MEDEWO GRUPPE informiert Sie sind Redakteur und interessieren sich f\u00fcr die MEDEWO-Gruppe? F\u00fcr Ihre Fragen und W\u00fcnschen rund um das Thema Pressearbeit nehmen wir uns gerne Zeit f\u00fcr Sie. Wir freuen uns auf Ihre Anfrage per E-Mail an presse@medewo.com &nbsp; [\/vc_column_text][\/vc_column][\/vc_row]\" \/>\n<meta property=\"og:url\" content=\"https:\/\/www.medewo.com\/blog\/de\/presse-service\/\" \/>\n<meta property=\"og:site_name\" content=\"MEDEWO Verpackungen\" \/>\n<meta property=\"article:modified_time\" content=\"2025-10-31T18:42:05+00:00\" \/>\n<meta name=\"twitter:card\" content=\"summary_large_image\" \/>\n<meta name=\"twitter:label1\" content=\"Gesch\u00e4tzte Lesezeit\" \/>\n\t<meta name=\"twitter:data1\" content=\"1\u00a0Minute\" \/>\n<script type=\"application\/ld+json\" class=\"yoast-schema-graph\">{\"@context\":\"https:\/\/schema.org\",\"@graph\":[{\"@type\":\"WebPage\",\"@id\":\"https:\/\/www.medewo.com\/blog\/de\/presse-service\/\",\"url\":\"https:\/\/www.medewo.com\/blog\/de\/presse-service\/\",\"name\":\"Presse-Service - MEDEWO Verpackungen\",\"isPartOf\":{\"@id\":\"https:\/\/www.medewo.com\/blog\/de\/#website\"},\"datePublished\":\"2018-12-14T08:50:44+00:00\",\"dateModified\":\"2025-10-31T18:42:05+00:00\",\"breadcrumb\":{\"@id\":\"https:\/\/www.medewo.com\/blog\/de\/presse-service\/#breadcrumb\"},\"inLanguage\":\"de\",\"potentialAction\":[{\"@type\":\"ReadAction\",\"target\":[\"https:\/\/www.medewo.com\/blog\/de\/presse-service\/\"]}]},{\"@type\":\"BreadcrumbList\",\"@id\":\"https:\/\/www.medewo.com\/blog\/de\/presse-service\/#breadcrumb\",\"itemListElement\":[{\"@type\":\"ListItem\",\"position\":1,\"name\":\"Startseite\",\"item\":\"https:\/\/www.medewo.com\/blog\/de\/\"},{\"@type\":\"ListItem\",\"position\":2,\"name\":\"Presse-Service\"}]},{\"@type\":\"WebSite\",\"@id\":\"https:\/\/www.medewo.com\/blog\/de\/#website\",\"url\":\"https:\/\/www.medewo.com\/blog\/de\/\",\"name\":\"MEDEWO Verpackungen\",\"description\":\"News\",\"publisher\":{\"@id\":\"https:\/\/www.medewo.com\/blog\/de\/#organization\"},\"potentialAction\":[{\"@type\":\"SearchAction\",\"target\":{\"@type\":\"EntryPoint\",\"urlTemplate\":\"https:\/\/www.medewo.com\/blog\/de\/?s={search_term_string}\"},\"query-input\":{\"@type\":\"PropertyValueSpecification\",\"valueRequired\":true,\"valueName\":\"search_term_string\"}}],\"inLanguage\":\"de\"},{\"@type\":\"Organization\",\"@id\":\"https:\/\/www.medewo.com\/blog\/de\/#organization\",\"name\":\"MEDEWO\",\"url\":\"https:\/\/www.medewo.com\/blog\/de\/\",\"logo\":{\"@type\":\"ImageObject\",\"inLanguage\":\"de\",\"@id\":\"https:\/\/www.medewo.com\/blog\/de\/#\/schema\/logo\/image\/\",\"url\":\"https:\/\/www.medewo.com\/blog\/wp-content\/uploads\/2022\/03\/medewo-logo-claim-quer-2.png\",\"contentUrl\":\"https:\/\/www.medewo.com\/blog\/wp-content\/uploads\/2022\/03\/medewo-logo-claim-quer-2.png\",\"width\":350,\"height\":63,\"caption\":\"MEDEWO\"},\"image\":{\"@id\":\"https:\/\/www.medewo.com\/blog\/de\/#\/schema\/logo\/image\/\"}}]}<\/script>\n<!-- \/ Yoast SEO plugin. -->","yoast_head_json":{"title":"Presse-Service - MEDEWO Verpackungen","robots":{"index":"index","follow":"follow","max-snippet":"max-snippet:-1","max-image-preview":"max-image-preview:large","max-video-preview":"max-video-preview:-1"},"canonical":"https:\/\/www.medewo.com\/blog\/de\/presse-service\/","og_locale":"de_DE","og_type":"article","og_title":"Presse-Service - MEDEWO Verpackungen","og_description":"[vc_row][vc_column][vc_column_text css=&#8220;&#8220;] Immer aktuell \u00fcber die MEDEWO GRUPPE informiert Sie sind Redakteur und interessieren sich f\u00fcr die MEDEWO-Gruppe? F\u00fcr Ihre Fragen und W\u00fcnschen rund um das Thema Pressearbeit nehmen wir uns gerne Zeit f\u00fcr Sie. Wir freuen uns auf Ihre Anfrage per E-Mail an presse@medewo.com &nbsp; [\/vc_column_text][\/vc_column][\/vc_row]","og_url":"https:\/\/www.medewo.com\/blog\/de\/presse-service\/","og_site_name":"MEDEWO Verpackungen","article_modified_time":"2025-10-31T18:42:05+00:00","twitter_card":"summary_large_image","twitter_misc":{"Gesch\u00e4tzte Lesezeit":"1\u00a0Minute"},"schema":{"@context":"https:\/\/schema.org","@graph":[{"@type":"WebPage","@id":"https:\/\/www.medewo.com\/blog\/de\/presse-service\/","url":"https:\/\/www.medewo.com\/blog\/de\/presse-service\/","name":"Presse-Service - MEDEWO Verpackungen","isPartOf":{"@id":"https:\/\/www.medewo.com\/blog\/de\/#website"},"datePublished":"2018-12-14T08:50:44+00:00","dateModified":"2025-10-31T18:42:05+00:00","breadcrumb":{"@id":"https:\/\/www.medewo.com\/blog\/de\/presse-service\/#breadcrumb"},"inLanguage":"de","potentialAction":[{"@type":"ReadAction","target":["https:\/\/www.medewo.com\/blog\/de\/presse-service\/"]}]},{"@type":"BreadcrumbList","@id":"https:\/\/www.medewo.com\/blog\/de\/presse-service\/#breadcrumb","itemListElement":[{"@type":"ListItem","position":1,"name":"Startseite","item":"https:\/\/www.medewo.com\/blog\/de\/"},{"@type":"ListItem","position":2,"name":"Presse-Service"}]},{"@type":"WebSite","@id":"https:\/\/www.medewo.com\/blog\/de\/#website","url":"https:\/\/www.medewo.com\/blog\/de\/","name":"MEDEWO Verpackungen","description":"News","publisher":{"@id":"https:\/\/www.medewo.com\/blog\/de\/#organization"},"potentialAction":[{"@type":"SearchAction","target":{"@type":"EntryPoint","urlTemplate":"https:\/\/www.medewo.com\/blog\/de\/?s={search_term_string}"},"query-input":{"@type":"PropertyValueSpecification","valueRequired":true,"valueName":"search_term_string"}}],"inLanguage":"de"},{"@type":"Organization","@id":"https:\/\/www.medewo.com\/blog\/de\/#organization","name":"MEDEWO","url":"https:\/\/www.medewo.com\/blog\/de\/","logo":{"@type":"ImageObject","inLanguage":"de","@id":"https:\/\/www.medewo.com\/blog\/de\/#\/schema\/logo\/image\/","url":"https:\/\/www.medewo.com\/blog\/wp-content\/uploads\/2022\/03\/medewo-logo-claim-quer-2.png","contentUrl":"https:\/\/www.medewo.com\/blog\/wp-content\/uploads\/2022\/03\/medewo-logo-claim-quer-2.png","width":350,"height":63,"caption":"MEDEWO"},"image":{"@id":"https:\/\/www.medewo.com\/blog\/de\/#\/schema\/logo\/image\/"}}]}},"_links":{"self":[{"href":"https:\/\/www.medewo.com\/blog\/de\/wp-json\/wp\/v2\/pages\/4618","targetHints":{"allow":["GET"]}}],"collection":[{"href":"https:\/\/www.medewo.com\/blog\/de\/wp-json\/wp\/v2\/pages"}],"about":[{"href":"https:\/\/www.medewo.com\/blog\/de\/wp-json\/wp\/v2\/types\/page"}],"author":[{"embeddable":true,"href":"https:\/\/www.medewo.com\/blog\/de\/wp-json\/wp\/v2\/users\/1"}],"replies":[{"embeddable":true,"href":"https:\/\/www.medewo.com\/blog\/de\/wp-json\/wp\/v2\/comments?post=4618"}],"version-history":[{"count":13,"href":"https:\/\/www.medewo.com\/blog\/de\/wp-json\/wp\/v2\/pages\/4618\/revisions"}],"predecessor-version":[{"id":34435,"href":"https:\/\/www.medewo.com\/blog\/de\/wp-json\/wp\/v2\/pages\/4618\/revisions\/34435"}],"wp:attachment":[{"href":"https:\/\/www.medewo.com\/blog\/de\/wp-json\/wp\/v2\/media?parent=4618"}],"curies":[{"name":"wp","href":"https:\/\/api.w.org\/{rel}","templated":true}]}}

<div class="wpb-content-wrapper"><p>[vc_row][vc_column][vc_column_text css=&#8220;&#8220;]</p>
<div>
<h2>Immer aktuell über die MEDEWO GRUPPE informiert</h2>
<p>Sie sind Redakteur und interessieren sich für die MEDEWO-Gruppe? Für Ihre Fragen und Wünschen rund um das Thema Pressearbeit nehmen wir uns gerne Zeit für Sie. Wir freuen uns auf Ihre Anfrage per E-Mail an<span style="line-height: 1.2857142857;"><a href="mailto:presse@medewo.com"> presse@medewo.com</a></span></p>
</div>

<p>&nbsp;</p>
<p>[/vc_column_text][/vc_column][/vc_row]</p></div>

<p>[vc_row][vc_column][vc_column_text css=&#8220;&#8220;] Immer aktuell über die MEDEWO GRUPPE informiert Sie sind Redakteur und interessieren sich für die MEDEWO-Gruppe? Für Ihre Fragen und Wünschen rund um das Thema Pressearbeit nehmen wir uns gerne Zeit für Sie. Wir freuen uns auf Ihre Anfrage per E-Mail an presse@medewo.com &nbsp; [/vc_column_text][/vc_column][/vc_row]</p>

<!-- This site is optimized with the Yoast SEO plugin v27.1.1 - https://yoast.com/product/yoast-seo-wordpress/ -->
<title>Presse-Service - MEDEWO Verpackungen</title>
<meta name="robots" content="index, follow, max-snippet:-1, max-image-preview:large, max-video-preview:-1" />
<link rel="canonical" href="https://www.medewo.com/blog/de/presse-service/" />
<meta property="og:locale" content="de_DE" />
<meta property="og:type" content="article" />
<meta property="og:title" content="Presse-Service - MEDEWO Verpackungen" />
<meta property="og:description" content="[vc_row][vc_column][vc_column_text css=&#8220;&#8220;] Immer aktuell über die MEDEWO GRUPPE informiert Sie sind Redakteur und interessieren sich für die MEDEWO-Gruppe? Für Ihre Fragen und Wünschen rund um das Thema Pressearbeit nehmen wir uns gerne Zeit für Sie. Wir freuen uns auf Ihre Anfrage per E-Mail an presse@medewo.com &nbsp; [/vc_column_text][/vc_column][/vc_row]" />
<meta property="og:url" content="https://www.medewo.com/blog/de/presse-service/" />
<meta property="og:site_name" content="MEDEWO Verpackungen" />
<meta property="article:modified_time" content="2025-10-31T18:42:05+00:00" />
<meta name="twitter:card" content="summary_large_image" />
<meta name="twitter:label1" content="Geschätzte Lesezeit" />
	<meta name="twitter:data1" content="1 Minute" />
<script type="application/ld+json" class="yoast-schema-graph">{"@context":"https://schema.org","@graph":[{"@type":"WebPage","@id":"https://www.medewo.com/blog/de/presse-service/","url":"https://www.medewo.com/blog/de/presse-service/","name":"Presse-Service - MEDEWO Verpackungen","isPartOf":{"@id":"https://www.medewo.com/blog/de/#website"},"datePublished":"2018-12-14T08:50:44+00:00","dateModified":"2025-10-31T18:42:05+00:00","breadcrumb":{"@id":"https://www.medewo.com/blog/de/presse-service/#breadcrumb"},"inLanguage":"de","potentialAction":[{"@type":"ReadAction","target":["https://www.medewo.com/blog/de/presse-service/"]}]},{"@type":"BreadcrumbList","@id":"https://www.medewo.com/blog/de/presse-service/#breadcrumb","itemListElement":[{"@type":"ListItem","position":1,"name":"Startseite","item":"https://www.medewo.com/blog/de/"},{"@type":"ListItem","position":2,"name":"Presse-Service"}]},{"@type":"WebSite","@id":"https://www.medewo.com/blog/de/#website","url":"https://www.medewo.com/blog/de/","name":"MEDEWO Verpackungen","description":"News","publisher":{"@id":"https://www.medewo.com/blog/de/#organization"},"potentialAction":[{"@type":"SearchAction","target":{"@type":"EntryPoint","urlTemplate":"https://www.medewo.com/blog/de/?s={search_term_string}"},"query-input":{"@type":"PropertyValueSpecification","valueRequired":true,"valueName":"search_term_string"}}],"inLanguage":"de"},{"@type":"Organization","@id":"https://www.medewo.com/blog/de/#organization","name":"MEDEWO","url":"https://www.medewo.com/blog/de/","logo":{"@type":"ImageObject","inLanguage":"de","@id":"https://www.medewo.com/blog/de/#/schema/logo/image/","url":"https://www.medewo.com/blog/wp-content/uploads/2022/03/medewo-logo-claim-quer-2.png","contentUrl":"https://www.medewo.com/blog/wp-content/uploads/2022/03/medewo-logo-claim-quer-2.png","width":350,"height":63,"caption":"MEDEWO"},"image":{"@id":"https://www.medewo.com/blog/de/#/schema/logo/image/"}}]}</script>
<!-- / Yoast SEO plugin. -->

[vc_row][vc_column][vc_column_text css=&#8220;&#8220;] Immer aktuell über die MEDEWO GRUPPE informiert Sie sind Redakteur und interessieren sich für die MEDEWO-Gruppe? Für Ihre Fragen und Wünschen rund um das Thema Pressearbeit nehmen wir uns gerne Zeit für Sie. Wir freuen uns auf Ihre Anfrage per E-Mail an presse@medewo.com &nbsp; [/vc_column_text][/vc_column][/vc_row]
