{"id":23502,"date":"2023-01-27T13:05:28","date_gmt":"2023-01-27T12:05:28","guid":{"rendered":"https:\/\/www.medewo.com\/blog\/?page_id=23502"},"modified":"2025-10-21T14:40:37","modified_gmt":"2025-10-21T12:40:37","slug":"kataloge","status":"publish","type":"page","link":"https:\/\/www.medewo.com\/blog\/ch-de\/kataloge\/","title":{"rendered":"Kataloge"},"content":{"rendered":"<div class=\"wpb-content-wrapper\"><p>[vc_row][vc_column]<div id=\"ultimate-heading-825869aa69a3850ba\" class=\"uvc-heading ult-adjust-bottom-margin ultimate-heading-825869aa69a3850ba uvc-3475  uvc-heading-default-font-sizes\" data-hspacer=\"no_spacer\"  data-halign=\"left\" style=\"text-align:left\"><div class=\"uvc-heading-spacer no_spacer\" style=\"top\"><\/div><div class=\"uvc-sub-heading ult-responsive\"  data-ultimate-target='.uvc-heading.ultimate-heading-825869aa69a3850ba .uvc-sub-heading '  data-responsive-json-new='{\"font-size\":\"\",\"line-height\":\"\"}'  style=\"font-weight:normal;\"><\/p>\n<h1>Spezialkataloge von MEDEWO<\/h1>\n<p><\/div><\/div>[vc_empty_space height=&#187;20px&#187;][vc_column_text]Sie suchen Transport- oder Versandverpackungen f\u00fcr Ihr Unternehmen und st\u00f6bern gerne durch digitale Bl\u00e4tterkataloge? Dann sind Sie bei uns genau richtig![\/vc_column_text][vc_empty_space height=&#187;15px&#187;][vc_column_text css=&#187;&#187;]<\/p>\n<ul>\n<li><a href=\"#Themenmailings\">Spezialkataloge <\/a><\/li>\n<\/ul>\n<p>[\/vc_column_text][vc_empty_space height=&#187;15px&#187;][vc_empty_space height=&#187;15px&#187;][vc_column_text]Mehrmals im Jahr erweitern wir unser Sortiment oder setzen bestimmte, aktuell relevante Produkte f\u00fcr Sie in Szene. In unseren Spezialkatalogen fassen wir dies f\u00fcr Sie zusammen, so sind Sie immer \u00fcber die aktuellsten Produkte und Trends informiert.<\/p>\n<p>Sie m\u00f6chten unsere Spezialkataloge gerne regelm\u00e4ssig in gedruckter Form per Post erhalten? Kein Problem \u2013 <a href=\"https:\/\/www.medewo.com\/blog\/ch-de\/kontakt\/\">schreiben Sie uns<\/a> einfach eine kurze Nachricht inkl. Angabe Ihrer Kontaktdaten und wir nehmen Sie in unseren Verteiler auf.[\/vc_column_text][vc_empty_space height=&#187;25px&#187;][\/vc_column][\/vc_row][vc_row][vc_column][vc_empty_space height=&#187;25px&#187;][vc_separator color=&#187;sky&#187; border_width=&#187;3&#8243;][vc_empty_space height=&#187;25px&#187;][\/vc_column][\/vc_row][vc_row el_id=&#187;Themenmailings&#187;][vc_column][vc_empty_space height=&#187;25px&#187;]<div id=\"ultimate-heading-490669aa69a38510d\" class=\"uvc-heading ult-adjust-bottom-margin ultimate-heading-490669aa69a38510d uvc-2088  uvc-heading-default-font-sizes\" data-hspacer=\"no_spacer\"  data-halign=\"left\" style=\"text-align:left\"><div class=\"uvc-heading-spacer no_spacer\" style=\"top\"><\/div><div class=\"uvc-sub-heading ult-responsive\"  data-ultimate-target='.uvc-heading.ultimate-heading-490669aa69a38510d .uvc-sub-heading '  data-responsive-json-new='{\"font-size\":\"\",\"line-height\":\"\"}'  style=\"font-weight:normal;\"><\/p>\n<h2><strong>Spezialkataloge<\/strong><\/h2>\n<p><\/div><\/div>[vc_empty_space height=&#187;25px&#187;][vc_raw_html]W3B0X3ZpZXcgaWQ9ImVlYTUyZDF1ZHAiXQ==[\/vc_raw_html][vc_empty_space height=&#187;25px&#187;][\/vc_column][\/vc_row][vc_row][vc_column][vc_empty_space height=&#187;25px&#187;][vc_separator color=&#187;sky&#187; border_width=&#187;3&#8243;][vc_empty_space height=&#187;10px&#187;][\/vc_column][\/vc_row]<\/p>\n<\/div>","protected":false},"excerpt":{"rendered":"<p>[vc_row][vc_column][vc_empty_space height=&#187;20px&#187;][vc_column_text]Sie suchen Transport- oder Versandverpackungen f\u00fcr Ihr Unternehmen und st\u00f6bern gerne durch digitale Bl\u00e4tterkataloge? Dann sind Sie bei uns genau richtig![\/vc_column_text][vc_empty_space height=&#187;15px&#187;][vc_column_text css=&#187;&#187;] Spezialkataloge [\/vc_column_text][vc_empty_space height=&#187;15px&#187;][vc_empty_space height=&#187;15px&#187;][vc_column_text]Mehrmals im Jahr erweitern wir unser Sortiment oder setzen bestimmte, aktuell relevante Produkte f\u00fcr Sie in Szene. In unseren Spezialkatalogen fassen wir dies f\u00fcr Sie zusammen, so sind&hellip;<\/p>\n","protected":false},"author":52,"featured_media":0,"parent":0,"menu_order":0,"comment_status":"closed","ping_status":"closed","template":"","meta":{"pgc_sgb_lightbox_settings":"","footnotes":""},"class_list":["post-23502","page","type-page","status-publish","hentry","description-off"],"yoast_head":"<!-- This site is optimized with the Yoast SEO plugin v26.8 - https:\/\/yoast.com\/product\/yoast-seo-wordpress\/ -->\n<title>Kataloge - MEDEWO Verpackungen Kataloge f\u00fcr Transportverpackungen- MEDEWO Verpackungen<\/title>\n<meta name=\"robots\" content=\"index, follow, max-snippet:-1, max-image-preview:large, max-video-preview:-1\" \/>\n<link rel=\"canonical\" href=\"https:\/\/www.medewo.com\/blog\/ch-de\/kataloge\/\" \/>\n<meta property=\"og:locale\" content=\"de_DE\" \/>\n<meta property=\"og:type\" content=\"article\" \/>\n<meta property=\"og:title\" content=\"Kataloge - MEDEWO Verpackungen Kataloge f\u00fcr Transportverpackungen- MEDEWO Verpackungen\" \/>\n<meta property=\"og:description\" content=\"[vc_row][vc_column][vc_empty_space height=&#187;20px&#187;][vc_column_text]Sie suchen Transport- oder Versandverpackungen f\u00fcr Ihr Unternehmen und st\u00f6bern gerne durch digitale Bl\u00e4tterkataloge? Dann sind Sie bei uns genau richtig![\/vc_column_text][vc_empty_space height=&#187;15px&#187;][vc_column_text css=&#187;&#187;] Spezialkataloge [\/vc_column_text][vc_empty_space height=&#187;15px&#187;][vc_empty_space height=&#187;15px&#187;][vc_column_text]Mehrmals im Jahr erweitern wir unser Sortiment oder setzen bestimmte, aktuell relevante Produkte f\u00fcr Sie in Szene. In unseren Spezialkatalogen fassen wir dies f\u00fcr Sie zusammen, so sind&hellip;\" \/>\n<meta property=\"og:url\" content=\"https:\/\/www.medewo.com\/blog\/ch-de\/kataloge\/\" \/>\n<meta property=\"og:site_name\" content=\"MEDEWO Verpackungen\" \/>\n<meta property=\"article:modified_time\" content=\"2025-10-21T12:40:37+00:00\" \/>\n<meta name=\"twitter:card\" content=\"summary_large_image\" \/>\n<meta name=\"twitter:label1\" content=\"Gesch\u00e4tzte Lesezeit\" \/>\n\t<meta name=\"twitter:data1\" content=\"2\u00a0Minuten\" \/>\n<script type=\"application\/ld+json\" class=\"yoast-schema-graph\">{\"@context\":\"https:\/\/schema.org\",\"@graph\":[{\"@type\":\"WebPage\",\"@id\":\"https:\/\/www.medewo.com\/blog\/ch-de\/kataloge\/\",\"url\":\"https:\/\/www.medewo.com\/blog\/ch-de\/kataloge\/\",\"name\":\"Kataloge - MEDEWO Verpackungen Kataloge f\u00fcr Transportverpackungen- MEDEWO Verpackungen\",\"isPartOf\":{\"@id\":\"https:\/\/www.medewo.com\/blog\/ch-de\/#website\"},\"datePublished\":\"2023-01-27T12:05:28+00:00\",\"dateModified\":\"2025-10-21T12:40:37+00:00\",\"breadcrumb\":{\"@id\":\"https:\/\/www.medewo.com\/blog\/ch-de\/kataloge\/#breadcrumb\"},\"inLanguage\":\"de-CH\",\"potentialAction\":[{\"@type\":\"ReadAction\",\"target\":[\"https:\/\/www.medewo.com\/blog\/ch-de\/kataloge\/\"]}]},{\"@type\":\"BreadcrumbList\",\"@id\":\"https:\/\/www.medewo.com\/blog\/ch-de\/kataloge\/#breadcrumb\",\"itemListElement\":[{\"@type\":\"ListItem\",\"position\":1,\"name\":\"Startseite\",\"item\":\"https:\/\/www.medewo.com\/blog\/ch-de\/\"},{\"@type\":\"ListItem\",\"position\":2,\"name\":\"Kataloge\"}]},{\"@type\":\"WebSite\",\"@id\":\"https:\/\/www.medewo.com\/blog\/ch-de\/#website\",\"url\":\"https:\/\/www.medewo.com\/blog\/ch-de\/\",\"name\":\"MEDEWO Verpackungen\",\"description\":\"News\",\"publisher\":{\"@id\":\"https:\/\/www.medewo.com\/blog\/ch-de\/#organization\"},\"potentialAction\":[{\"@type\":\"SearchAction\",\"target\":{\"@type\":\"EntryPoint\",\"urlTemplate\":\"https:\/\/www.medewo.com\/blog\/ch-de\/?s={search_term_string}\"},\"query-input\":{\"@type\":\"PropertyValueSpecification\",\"valueRequired\":true,\"valueName\":\"search_term_string\"}}],\"inLanguage\":\"de-CH\"},{\"@type\":\"Organization\",\"@id\":\"https:\/\/www.medewo.com\/blog\/ch-de\/#organization\",\"name\":\"MEDEWO\",\"url\":\"https:\/\/www.medewo.com\/blog\/ch-de\/\",\"logo\":{\"@type\":\"ImageObject\",\"inLanguage\":\"de-CH\",\"@id\":\"https:\/\/www.medewo.com\/blog\/ch-de\/#\/schema\/logo\/image\/\",\"url\":\"https:\/\/www.medewo.com\/blog\/wp-content\/uploads\/2022\/03\/medewo-logo-claim-quer-2.png\",\"contentUrl\":\"https:\/\/www.medewo.com\/blog\/wp-content\/uploads\/2022\/03\/medewo-logo-claim-quer-2.png\",\"width\":350,\"height\":63,\"caption\":\"MEDEWO\"},\"image\":{\"@id\":\"https:\/\/www.medewo.com\/blog\/ch-de\/#\/schema\/logo\/image\/\"}}]}<\/script>\n<!-- \/ Yoast SEO plugin. -->","yoast_head_json":{"title":"Kataloge - MEDEWO Verpackungen Kataloge f\u00fcr Transportverpackungen- MEDEWO Verpackungen","robots":{"index":"index","follow":"follow","max-snippet":"max-snippet:-1","max-image-preview":"max-image-preview:large","max-video-preview":"max-video-preview:-1"},"canonical":"https:\/\/www.medewo.com\/blog\/ch-de\/kataloge\/","og_locale":"de_DE","og_type":"article","og_title":"Kataloge - MEDEWO Verpackungen Kataloge f\u00fcr Transportverpackungen- MEDEWO Verpackungen","og_description":"[vc_row][vc_column][vc_empty_space height=&#187;20px&#187;][vc_column_text]Sie suchen Transport- oder Versandverpackungen f\u00fcr Ihr Unternehmen und st\u00f6bern gerne durch digitale Bl\u00e4tterkataloge? Dann sind Sie bei uns genau richtig![\/vc_column_text][vc_empty_space height=&#187;15px&#187;][vc_column_text css=&#187;&#187;] Spezialkataloge [\/vc_column_text][vc_empty_space height=&#187;15px&#187;][vc_empty_space height=&#187;15px&#187;][vc_column_text]Mehrmals im Jahr erweitern wir unser Sortiment oder setzen bestimmte, aktuell relevante Produkte f\u00fcr Sie in Szene. In unseren Spezialkatalogen fassen wir dies f\u00fcr Sie zusammen, so sind&hellip;","og_url":"https:\/\/www.medewo.com\/blog\/ch-de\/kataloge\/","og_site_name":"MEDEWO Verpackungen","article_modified_time":"2025-10-21T12:40:37+00:00","twitter_card":"summary_large_image","twitter_misc":{"Gesch\u00e4tzte Lesezeit":"2\u00a0Minuten"},"schema":{"@context":"https:\/\/schema.org","@graph":[{"@type":"WebPage","@id":"https:\/\/www.medewo.com\/blog\/ch-de\/kataloge\/","url":"https:\/\/www.medewo.com\/blog\/ch-de\/kataloge\/","name":"Kataloge - MEDEWO Verpackungen Kataloge f\u00fcr Transportverpackungen- MEDEWO Verpackungen","isPartOf":{"@id":"https:\/\/www.medewo.com\/blog\/ch-de\/#website"},"datePublished":"2023-01-27T12:05:28+00:00","dateModified":"2025-10-21T12:40:37+00:00","breadcrumb":{"@id":"https:\/\/www.medewo.com\/blog\/ch-de\/kataloge\/#breadcrumb"},"inLanguage":"de-CH","potentialAction":[{"@type":"ReadAction","target":["https:\/\/www.medewo.com\/blog\/ch-de\/kataloge\/"]}]},{"@type":"BreadcrumbList","@id":"https:\/\/www.medewo.com\/blog\/ch-de\/kataloge\/#breadcrumb","itemListElement":[{"@type":"ListItem","position":1,"name":"Startseite","item":"https:\/\/www.medewo.com\/blog\/ch-de\/"},{"@type":"ListItem","position":2,"name":"Kataloge"}]},{"@type":"WebSite","@id":"https:\/\/www.medewo.com\/blog\/ch-de\/#website","url":"https:\/\/www.medewo.com\/blog\/ch-de\/","name":"MEDEWO Verpackungen","description":"News","publisher":{"@id":"https:\/\/www.medewo.com\/blog\/ch-de\/#organization"},"potentialAction":[{"@type":"SearchAction","target":{"@type":"EntryPoint","urlTemplate":"https:\/\/www.medewo.com\/blog\/ch-de\/?s={search_term_string}"},"query-input":{"@type":"PropertyValueSpecification","valueRequired":true,"valueName":"search_term_string"}}],"inLanguage":"de-CH"},{"@type":"Organization","@id":"https:\/\/www.medewo.com\/blog\/ch-de\/#organization","name":"MEDEWO","url":"https:\/\/www.medewo.com\/blog\/ch-de\/","logo":{"@type":"ImageObject","inLanguage":"de-CH","@id":"https:\/\/www.medewo.com\/blog\/ch-de\/#\/schema\/logo\/image\/","url":"https:\/\/www.medewo.com\/blog\/wp-content\/uploads\/2022\/03\/medewo-logo-claim-quer-2.png","contentUrl":"https:\/\/www.medewo.com\/blog\/wp-content\/uploads\/2022\/03\/medewo-logo-claim-quer-2.png","width":350,"height":63,"caption":"MEDEWO"},"image":{"@id":"https:\/\/www.medewo.com\/blog\/ch-de\/#\/schema\/logo\/image\/"}}]}},"_links":{"self":[{"href":"https:\/\/www.medewo.com\/blog\/ch-de\/wp-json\/wp\/v2\/pages\/23502","targetHints":{"allow":["GET"]}}],"collection":[{"href":"https:\/\/www.medewo.com\/blog\/ch-de\/wp-json\/wp\/v2\/pages"}],"about":[{"href":"https:\/\/www.medewo.com\/blog\/ch-de\/wp-json\/wp\/v2\/types\/page"}],"author":[{"embeddable":true,"href":"https:\/\/www.medewo.com\/blog\/ch-de\/wp-json\/wp\/v2\/users\/52"}],"replies":[{"embeddable":true,"href":"https:\/\/www.medewo.com\/blog\/ch-de\/wp-json\/wp\/v2\/comments?post=23502"}],"version-history":[{"count":27,"href":"https:\/\/www.medewo.com\/blog\/ch-de\/wp-json\/wp\/v2\/pages\/23502\/revisions"}],"predecessor-version":[{"id":36579,"href":"https:\/\/www.medewo.com\/blog\/ch-de\/wp-json\/wp\/v2\/pages\/23502\/revisions\/36579"}],"wp:attachment":[{"href":"https:\/\/www.medewo.com\/blog\/ch-de\/wp-json\/wp\/v2\/media?parent=23502"}],"curies":[{"name":"wp","href":"https:\/\/api.w.org\/{rel}","templated":true}]}}

<div class="wpb-content-wrapper"><p>[vc_row][vc_column]<div id="ultimate-heading-825869aa69a3850ba" class="uvc-heading ult-adjust-bottom-margin ultimate-heading-825869aa69a3850ba uvc-3475  uvc-heading-default-font-sizes" data-hspacer="no_spacer"  data-halign="left" style="text-align:left"><div class="uvc-heading-spacer no_spacer" style="top"></div><div class="uvc-sub-heading ult-responsive"  data-ultimate-target='.uvc-heading.ultimate-heading-825869aa69a3850ba .uvc-sub-heading '  data-responsive-json-new='{"font-size":"","line-height":""}'  style="font-weight:normal;"></p>
<h1>Spezialkataloge von MEDEWO</h1>
<p></div></div>[vc_empty_space height=&#187;20px&#187;][vc_column_text]Sie suchen Transport- oder Versandverpackungen für Ihr Unternehmen und stöbern gerne durch digitale Blätterkataloge? Dann sind Sie bei uns genau richtig![/vc_column_text][vc_empty_space height=&#187;15px&#187;][vc_column_text css=&#187;&#187;]</p>
<ul>
<li><a href="#Themenmailings">Spezialkataloge </a></li>
</ul>
<p>[/vc_column_text][vc_empty_space height=&#187;15px&#187;][vc_empty_space height=&#187;15px&#187;][vc_column_text]Mehrmals im Jahr erweitern wir unser Sortiment oder setzen bestimmte, aktuell relevante Produkte für Sie in Szene. In unseren Spezialkatalogen fassen wir dies für Sie zusammen, so sind Sie immer über die aktuellsten Produkte und Trends informiert.</p>
<p>Sie möchten unsere Spezialkataloge gerne regelmässig in gedruckter Form per Post erhalten? Kein Problem – <a href="https://www.medewo.com/blog/ch-de/kontakt/">schreiben Sie uns</a> einfach eine kurze Nachricht inkl. Angabe Ihrer Kontaktdaten und wir nehmen Sie in unseren Verteiler auf.[/vc_column_text][vc_empty_space height=&#187;25px&#187;][/vc_column][/vc_row][vc_row][vc_column][vc_empty_space height=&#187;25px&#187;][vc_separator color=&#187;sky&#187; border_width=&#187;3&#8243;][vc_empty_space height=&#187;25px&#187;][/vc_column][/vc_row][vc_row el_id=&#187;Themenmailings&#187;][vc_column][vc_empty_space height=&#187;25px&#187;]<div id="ultimate-heading-490669aa69a38510d" class="uvc-heading ult-adjust-bottom-margin ultimate-heading-490669aa69a38510d uvc-2088  uvc-heading-default-font-sizes" data-hspacer="no_spacer"  data-halign="left" style="text-align:left"><div class="uvc-heading-spacer no_spacer" style="top"></div><div class="uvc-sub-heading ult-responsive"  data-ultimate-target='.uvc-heading.ultimate-heading-490669aa69a38510d .uvc-sub-heading '  data-responsive-json-new='{"font-size":"","line-height":""}'  style="font-weight:normal;"></p>
<h2><strong>Spezialkataloge</strong></h2>
<p></div></div>[vc_empty_space height=&#187;25px&#187;][vc_raw_html]W3B0X3ZpZXcgaWQ9ImVlYTUyZDF1ZHAiXQ==[/vc_raw_html][vc_empty_space height=&#187;25px&#187;][/vc_column][/vc_row][vc_row][vc_column][vc_empty_space height=&#187;25px&#187;][vc_separator color=&#187;sky&#187; border_width=&#187;3&#8243;][vc_empty_space height=&#187;10px&#187;][/vc_column][/vc_row]</p>
</div>

<p>[vc_row][vc_column][vc_empty_space height=&#187;20px&#187;][vc_column_text]Sie suchen Transport- oder Versandverpackungen für Ihr Unternehmen und stöbern gerne durch digitale Blätterkataloge? Dann sind Sie bei uns genau richtig![/vc_column_text][vc_empty_space height=&#187;15px&#187;][vc_column_text css=&#187;&#187;] Spezialkataloge [/vc_column_text][vc_empty_space height=&#187;15px&#187;][vc_empty_space height=&#187;15px&#187;][vc_column_text]Mehrmals im Jahr erweitern wir unser Sortiment oder setzen bestimmte, aktuell relevante Produkte für Sie in Szene. In unseren Spezialkatalogen fassen wir dies für Sie zusammen, so sind&hellip;</p>

<!-- This site is optimized with the Yoast SEO plugin v26.8 - https://yoast.com/product/yoast-seo-wordpress/ -->
<title>Kataloge - MEDEWO Verpackungen Kataloge für Transportverpackungen- MEDEWO Verpackungen</title>
<meta name="robots" content="index, follow, max-snippet:-1, max-image-preview:large, max-video-preview:-1" />
<link rel="canonical" href="https://www.medewo.com/blog/ch-de/kataloge/" />
<meta property="og:locale" content="de_DE" />
<meta property="og:type" content="article" />
<meta property="og:title" content="Kataloge - MEDEWO Verpackungen Kataloge für Transportverpackungen- MEDEWO Verpackungen" />
<meta property="og:description" content="[vc_row][vc_column][vc_empty_space height=&#187;20px&#187;][vc_column_text]Sie suchen Transport- oder Versandverpackungen für Ihr Unternehmen und stöbern gerne durch digitale Blätterkataloge? Dann sind Sie bei uns genau richtig![/vc_column_text][vc_empty_space height=&#187;15px&#187;][vc_column_text css=&#187;&#187;] Spezialkataloge [/vc_column_text][vc_empty_space height=&#187;15px&#187;][vc_empty_space height=&#187;15px&#187;][vc_column_text]Mehrmals im Jahr erweitern wir unser Sortiment oder setzen bestimmte, aktuell relevante Produkte für Sie in Szene. In unseren Spezialkatalogen fassen wir dies für Sie zusammen, so sind&hellip;" />
<meta property="og:url" content="https://www.medewo.com/blog/ch-de/kataloge/" />
<meta property="og:site_name" content="MEDEWO Verpackungen" />
<meta property="article:modified_time" content="2025-10-21T12:40:37+00:00" />
<meta name="twitter:card" content="summary_large_image" />
<meta name="twitter:label1" content="Geschätzte Lesezeit" />
	<meta name="twitter:data1" content="2 Minuten" />
<script type="application/ld+json" class="yoast-schema-graph">{"@context":"https://schema.org","@graph":[{"@type":"WebPage","@id":"https://www.medewo.com/blog/ch-de/kataloge/","url":"https://www.medewo.com/blog/ch-de/kataloge/","name":"Kataloge - MEDEWO Verpackungen Kataloge für Transportverpackungen- MEDEWO Verpackungen","isPartOf":{"@id":"https://www.medewo.com/blog/ch-de/#website"},"datePublished":"2023-01-27T12:05:28+00:00","dateModified":"2025-10-21T12:40:37+00:00","breadcrumb":{"@id":"https://www.medewo.com/blog/ch-de/kataloge/#breadcrumb"},"inLanguage":"de-CH","potentialAction":[{"@type":"ReadAction","target":["https://www.medewo.com/blog/ch-de/kataloge/"]}]},{"@type":"BreadcrumbList","@id":"https://www.medewo.com/blog/ch-de/kataloge/#breadcrumb","itemListElement":[{"@type":"ListItem","position":1,"name":"Startseite","item":"https://www.medewo.com/blog/ch-de/"},{"@type":"ListItem","position":2,"name":"Kataloge"}]},{"@type":"WebSite","@id":"https://www.medewo.com/blog/ch-de/#website","url":"https://www.medewo.com/blog/ch-de/","name":"MEDEWO Verpackungen","description":"News","publisher":{"@id":"https://www.medewo.com/blog/ch-de/#organization"},"potentialAction":[{"@type":"SearchAction","target":{"@type":"EntryPoint","urlTemplate":"https://www.medewo.com/blog/ch-de/?s={search_term_string}"},"query-input":{"@type":"PropertyValueSpecification","valueRequired":true,"valueName":"search_term_string"}}],"inLanguage":"de-CH"},{"@type":"Organization","@id":"https://www.medewo.com/blog/ch-de/#organization","name":"MEDEWO","url":"https://www.medewo.com/blog/ch-de/","logo":{"@type":"ImageObject","inLanguage":"de-CH","@id":"https://www.medewo.com/blog/ch-de/#/schema/logo/image/","url":"https://www.medewo.com/blog/wp-content/uploads/2022/03/medewo-logo-claim-quer-2.png","contentUrl":"https://www.medewo.com/blog/wp-content/uploads/2022/03/medewo-logo-claim-quer-2.png","width":350,"height":63,"caption":"MEDEWO"},"image":{"@id":"https://www.medewo.com/blog/ch-de/#/schema/logo/image/"}}]}</script>
<!-- / Yoast SEO plugin. -->

Kataloge - MEDEWO Verpackungen Kataloge für Transportverpackungen- MEDEWO Verpackungen

[vc_row][vc_column][vc_empty_space height=&#187;20px&#187;][vc_column_text]Sie suchen Transport- oder Versandverpackungen für Ihr Unternehmen und stöbern gerne durch digitale Blätterkataloge? Dann sind Sie bei uns genau richtig![/vc_column_text][vc_empty_space height=&#187;15px&#187;][vc_column_text css=&#187;&#187;] Spezialkataloge [/vc_column_text][vc_empty_space height=&#187;15px&#187;][vc_empty_space height=&#187;15px&#187;][vc_column_text]Mehrmals im Jahr erweitern wir unser Sortiment oder setzen bestimmte, aktuell relevante Produkte für Sie in Szene. In unseren Spezialkatalogen fassen wir dies für Sie zusammen, so sind&hellip;
